{"id":5419,"date":"2022-07-29T17:57:15","date_gmt":"2022-07-29T15:57:15","guid":{"rendered":"https:\/\/territoirespaysagistes.com\/?page_id=5419"},"modified":"2022-07-30T20:53:12","modified_gmt":"2022-07-30T18:53:12","slug":"recrutement","status":"publish","type":"page","link":"https:\/\/territoirespaysagistes.com\/index.php\/recrutement\/","title":{"rendered":"RECRUTEMENT"},"content":{"rendered":"\t\t<div data-elementor-type=\"wp-post\" data-elementor-id=\"5419\" class=\"elementor elementor-5419\">\n\t\t\t\t\t\t<section class=\"elementor-section elementor-top-section elementor-element elementor-element-3e376ac elementor-section-boxed elementor-section-height-default elementor-section-height-default\" data-id=\"3e376ac\" data-element_type=\"section\">\n\t\t\t\t\t\t<div class=\"elementor-container elementor-column-gap-default\">\n\t\t\t\t\t<div class=\"elementor-column elementor-col-100 elementor-top-column elementor-element elementor-element-10e38d2\" data-id=\"10e38d2\" data-element_type=\"column\">\n\t\t\t<div class=\"elementor-widget-wrap\">\n\t\t\t\t\t\t\t<\/div>\n\t\t<\/div>\n\t\t\t\t\t<\/div>\n\t\t<\/section>\n\t\t\t\t<section class=\"elementor-section elementor-top-section elementor-element elementor-element-8a3eea4 elementor-section-boxed elementor-section-height-default elementor-section-height-default\" data-id=\"8a3eea4\" data-element_type=\"section\">\n\t\t\t\t\t\t<div class=\"elementor-container elementor-column-gap-default\">\n\t\t\t\t\t<div class=\"elementor-column elementor-col-100 elementor-top-column elementor-element elementor-element-a1fcae9\" data-id=\"a1fcae9\" data-element_type=\"column\">\n\t\t\t<div class=\"elementor-widget-wrap elementor-element-populated\">\n\t\t\t\t\t\t<div class=\"elementor-element elementor-element-2675dc1 elementor-widget elementor-widget-text-editor\" data-id=\"2675dc1\" data-element_type=\"widget\" data-widget_type=\"text-editor.default\">\n\t\t\t\t<div class=\"elementor-widget-container\">\n\t\t\t\t\t\t\t\t\t<p>\u00a0<\/p><p>\u00a0<\/p><p>\u00a0<\/p><p><strong>POSTE DE RESPONSABLE DE PROJET (H\/F) \/ PAYSAGISTE CONCEPTEUR<\/strong><\/p><p><strong><span style=\"text-decoration: underline;\">Contexte :<\/span><\/strong> <br \/>Nous cherchons un.e collaborateur.ice pour int\u00e9grer notre \u00e9quipe. Les sujets sont nombreux et ont en commun d\u2019\u00eatre pour nous des terrains de jeux pour renouveler la r\u00e9flexion sur le r\u00f4le, la place, les bienfaits du paysage dans la construction d\u2019un cadre de vie. Ces questions nous animent, particuli\u00e8rement au seuil de changements importants pour notre soci\u00e9t\u00e9 et nous-m\u00eame, et nous am\u00e8nent \u00e0 repenser le r\u00f4le, l\u2019action du paysagiste. Nous occupons un atelier dans le centre ancien de Besan\u00e7on proche de la rivi\u00e8re, partag\u00e9 avec des amis photographes, perspectivistes, r\u00e9dacteurs\u2026 Les montagnes et les for\u00eats du Jura sont \u00e0 deux pas, le cadre de vie est port\u00e9 sur le paysage \u00e0 toute saison dans une ville \u00e0 taille humaine o\u00f9 tout se fait en v\u00e9lo.<\/p><p><strong><span style=\"text-decoration: underline;\">Pr\u00e9sentation de l\u2019agence :<\/span><\/strong> <br \/>TERRITOIRES fond\u00e9 en 1992 est aujourd\u2019hui compos\u00e9 d\u2019une \u00e9quipe jeune et sympa, autour de laquelle gravite des paysagistes, architectes et urbanistes qui nourrissent notre d\u00e9marche, r\u00e9ceptive et participative, des enjeux urbains, sociaux ou environnementaux actuels. Nos projets couvrent un champ volontairement large de situations, programmations, ou \u00e9chelles. Port\u00e9s par un regard sensible et par une certaine radicalit\u00e9 de forme, ils visent \u00e0 concevoir pour les lieux des sc\u00e9narios adapt\u00e9s aux multiples probl\u00e9matiques en maintenant une perm\u00e9abilit\u00e9 \u00e0 l\u2019inattendu le plus essentiel.<\/p><p>Les projets, les id\u00e9es qui nous portent \u00e0 d\u00e9couvrir sur : www.territoirespaysagistes.com<\/p><p><span style=\"text-decoration: underline;\"><strong>Lieu :<\/strong><\/span> Besan\u00e7on<\/p><p>Pour y faire quoi : Il s\u2019agit de faire du projet ! Pour travailler \u00e0 des ma\u00eetrises d\u2019oeuvre d\u2019espaces publics, projets urbains et projets de territoire ou micro situation rurale. Les missions et contextes sont volontairement vari\u00e9s, des premi\u00e8res phases de candidatures aux phases d\u2019\u00e9tudes projet puis de suivi de travaux pour des ma\u00eetrises d\u2019ouvrage publiques et priv\u00e9es. La m\u00e9thode vise \u00e0 permettre une part d\u2019autonomie importante pour laisser la possibilit\u00e9 \u00e0 chacun\/chacune une expression des sujets qui lui sont propres.<\/p><p><strong><span style=\"text-decoration: underline;\">Profil recherch\u00e9 :<\/span><\/strong> <br \/>\u2022 Formation : Paysagiste concepteur ET\/OU Architecte\/Urbaniste avec exp\u00e9rience ou post dipl\u00f4me en paysage <br \/>\u2022 Exp\u00e9rience : pas d&rsquo;exigence particuli\u00e8re<\/p><p><span style=\"text-decoration: underline;\"><strong>Comp\u00e9tences et app\u00e9tences :<\/strong><\/span> <br \/>\u2022 aisance et app\u00e9tence en conception \u2022 qualit\u00e9 en design graphique \u2022 capacit\u00e9s d\u2019expression orale et \u00e9crite \u2022 app\u00e9tences pour les domaines de l\u2019environnement, de la botanique, de l\u2019urbanisme, du jardin sous l\u2019angle des probl\u00e9matiques actuelles de changement climatique, de la r\u00e9paration des sols, de la renaturation, de la co-conception\u2026<\/p><p><span style=\"text-decoration: underline;\"><strong>Projets concern\u00e9s :<\/strong><\/span> cr\u00e9ation d\u2019une superbe ressourcerie en montagne, un merveilleux centre horticole, un projet patrimonial en Corse&#8230;<\/p><p><span style=\"text-decoration: underline;\"><strong>Contrat : <\/strong><\/span>CDI, salaire \u00e0 d\u00e9finir selon exp\u00e9rience, 7 semaines de cong\u00e9s<\/p><p><span style=\"text-decoration: underline;\"><strong>Ech\u00e9ance :<\/strong> <\/span>\u00e0 partir de septembre 2022<\/p><p>Si vous souhaitez tenter l\u2019aventure : Merci de nous faire parvenir votre candidature au format pdf ou lien web (CV + extrait book) sur info@territoirespaysagistes.com<\/p>\t\t\t\t\t\t\t\t<\/div>\n\t\t\t\t<\/div>\n\t\t\t\t\t<\/div>\n\t\t<\/div>\n\t\t\t\t\t<\/div>\n\t\t<\/section>\n\t\t\t\t<\/div>\n\t\t      ","protected":false},"excerpt":{"rendered":"<p>\u00a0 \u00a0 \u00a0 POSTE DE RESPONSABLE DE PROJET (H\/F) \/ PAYSAGISTE CONCEPTEUR Contexte : Nous cherchons un.e collaborateur.ice pour int\u00e9grer notre \u00e9quipe. Les sujets sont nombreux et ont en commun d\u2019\u00eatre pour nous des terrains de jeux pour renouveler la [&hellip;]<\/p>\n","protected":false},"author":1,"featured_media":0,"parent":0,"menu_order":0,"comment_status":"closed","ping_status":"closed","template":"","meta":{"_monsterinsights_skip_tracking":false,"_monsterinsights_sitenote_active":false,"_monsterinsights_sitenote_note":"","_monsterinsights_sitenote_category":0,"footnotes":""},"class_list":["post-5419","page","type-page","status-publish","hentry"],"aioseo_notices":[],"_links":{"self":[{"href":"https:\/\/territoirespaysagistes.com\/index.php\/wp-json\/wp\/v2\/pages\/5419","targetHints":{"allow":["GET"]}}],"collection":[{"href":"https:\/\/territoirespaysagistes.com\/index.php\/wp-json\/wp\/v2\/pages"}],"about":[{"href":"https:\/\/territoirespaysagistes.com\/index.php\/wp-json\/wp\/v2\/types\/page"}],"author":[{"embeddable":true,"href":"https:\/\/territoirespaysagistes.com\/index.php\/wp-json\/wp\/v2\/users\/1"}],"replies":[{"embeddable":true,"href":"https:\/\/territoirespaysagistes.com\/index.php\/wp-json\/wp\/v2\/comments?post=5419"}],"version-history":[{"count":7,"href":"https:\/\/territoirespaysagistes.com\/index.php\/wp-json\/wp\/v2\/pages\/5419\/revisions"}],"predecessor-version":[{"id":5426,"href":"https:\/\/territoirespaysagistes.com\/index.php\/wp-json\/wp\/v2\/pages\/5419\/revisions\/5426"}],"wp:attachment":[{"href":"https:\/\/territoirespaysagistes.com\/index.php\/wp-json\/wp\/v2\/media?parent=5419"}],"curies":[{"name":"wp","href":"https:\/\/api.w.org\/{rel}","templated":true}]}}

<div data-elementor-type="wp-post" data-elementor-id="5419" class="elementor elementor-5419">
						<section class="elementor-section elementor-top-section elementor-element elementor-element-3e376ac elementor-section-boxed elementor-section-height-default elementor-section-height-default" data-id="3e376ac" data-element_type="section">
						<div class="elementor-container elementor-column-gap-default">
					<div class="elementor-column elementor-col-100 elementor-top-column elementor-element elementor-element-10e38d2" data-id="10e38d2" data-element_type="column">
			<div class="elementor-widget-wrap">
							</div>
		</div>
					</div>
		</section>
				<section class="elementor-section elementor-top-section elementor-element elementor-element-8a3eea4 elementor-section-boxed elementor-section-height-default elementor-section-height-default" data-id="8a3eea4" data-element_type="section">
						<div class="elementor-container elementor-column-gap-default">
					<div class="elementor-column elementor-col-100 elementor-top-column elementor-element elementor-element-a1fcae9" data-id="a1fcae9" data-element_type="column">
			<div class="elementor-widget-wrap elementor-element-populated">
						<div class="elementor-element elementor-element-2675dc1 elementor-widget elementor-widget-text-editor" data-id="2675dc1" data-element_type="widget" data-widget_type="text-editor.default">
				<div class="elementor-widget-container">
									<p> </p><p> </p><p> </p><p><strong>POSTE DE RESPONSABLE DE PROJET (H/F) / PAYSAGISTE CONCEPTEUR</strong></p><p><strong><span style="text-decoration: underline;">Contexte :</span></strong> <br />Nous cherchons un.e collaborateur.ice pour intégrer notre équipe. Les sujets sont nombreux et ont en commun d’être pour nous des terrains de jeux pour renouveler la réflexion sur le rôle, la place, les bienfaits du paysage dans la construction d’un cadre de vie. Ces questions nous animent, particulièrement au seuil de changements importants pour notre société et nous-même, et nous amènent à repenser le rôle, l’action du paysagiste. Nous occupons un atelier dans le centre ancien de Besançon proche de la rivière, partagé avec des amis photographes, perspectivistes, rédacteurs… Les montagnes et les forêts du Jura sont à deux pas, le cadre de vie est porté sur le paysage à toute saison dans une ville à taille humaine où tout se fait en vélo.</p><p><strong><span style="text-decoration: underline;">Présentation de l’agence :</span></strong> <br />TERRITOIRES fondé en 1992 est aujourd’hui composé d’une équipe jeune et sympa, autour de laquelle gravite des paysagistes, architectes et urbanistes qui nourrissent notre démarche, réceptive et participative, des enjeux urbains, sociaux ou environnementaux actuels. Nos projets couvrent un champ volontairement large de situations, programmations, ou échelles. Portés par un regard sensible et par une certaine radicalité de forme, ils visent à concevoir pour les lieux des scénarios adaptés aux multiples problématiques en maintenant une perméabilité à l’inattendu le plus essentiel.</p><p>Les projets, les idées qui nous portent à découvrir sur : www.territoirespaysagistes.com</p><p><span style="text-decoration: underline;"><strong>Lieu :</strong></span> Besançon</p><p>Pour y faire quoi : Il s’agit de faire du projet ! Pour travailler à des maîtrises d’oeuvre d’espaces publics, projets urbains et projets de territoire ou micro situation rurale. Les missions et contextes sont volontairement variés, des premières phases de candidatures aux phases d’études projet puis de suivi de travaux pour des maîtrises d’ouvrage publiques et privées. La méthode vise à permettre une part d’autonomie importante pour laisser la possibilité à chacun/chacune une expression des sujets qui lui sont propres.</p><p><strong><span style="text-decoration: underline;">Profil recherché :</span></strong> <br />• Formation : Paysagiste concepteur ET/OU Architecte/Urbaniste avec expérience ou post diplôme en paysage <br />• Expérience : pas d&rsquo;exigence particulière</p><p><span style="text-decoration: underline;"><strong>Compétences et appétences :</strong></span> <br />• aisance et appétence en conception • qualité en design graphique • capacités d’expression orale et écrite • appétences pour les domaines de l’environnement, de la botanique, de l’urbanisme, du jardin sous l’angle des problématiques actuelles de changement climatique, de la réparation des sols, de la renaturation, de la co-conception…</p><p><span style="text-decoration: underline;"><strong>Projets concernés :</strong></span> création d’une superbe ressourcerie en montagne, un merveilleux centre horticole, un projet patrimonial en Corse&#8230;</p><p><span style="text-decoration: underline;"><strong>Contrat : </strong></span>CDI, salaire à définir selon expérience, 7 semaines de congés</p><p><span style="text-decoration: underline;"><strong>Echéance :</strong> </span>à partir de septembre 2022</p><p>Si vous souhaitez tenter l’aventure : Merci de nous faire parvenir votre candidature au format pdf ou lien web (CV + extrait book) sur info@territoirespaysagistes.com</p>								</div>
				</div>
					</div>
		</div>
					</div>
		</section>
				</div>

<p>      POSTE DE RESPONSABLE DE PROJET (H/F) / PAYSAGISTE CONCEPTEUR Contexte : Nous cherchons un.e collaborateur.ice pour intégrer notre équipe. Les sujets sont nombreux et ont en commun d’être pour nous des terrains de jeux pour renouveler la [&hellip;]</p>
