{"id":3805,"date":"2019-12-18T09:43:49","date_gmt":"2019-12-18T08:43:49","guid":{"rendered":"http:\/\/territoirespaysagistes.com\/wp\/?page_id=3805"},"modified":"2025-01-30T10:43:31","modified_gmt":"2025-01-30T09:43:31","slug":"prixpublications","status":"publish","type":"page","link":"https:\/\/territoirespaysagistes.com\/index.php\/prixpublications\/","title":{"rendered":"prix\/publications"},"content":{"rendered":"\t\t<div data-elementor-type=\"wp-post\" data-elementor-id=\"3805\" class=\"elementor elementor-3805\">\n\t\t\t\t\t\t<section class=\"elementor-section elementor-top-section elementor-element elementor-element-adb07b5 elementor-section-boxed elementor-section-height-default elementor-section-height-default\" data-id=\"adb07b5\" data-element_type=\"section\">\n\t\t\t\t\t\t<div class=\"elementor-container elementor-column-gap-default\">\n\t\t\t\t\t<div class=\"elementor-column elementor-col-100 elementor-top-column elementor-element elementor-element-efeebb5\" data-id=\"efeebb5\" data-element_type=\"column\">\n\t\t\t<div class=\"elementor-widget-wrap elementor-element-populated\">\n\t\t\t\t\t\t<div class=\"elementor-element elementor-element-a657182 elementor-widget elementor-widget-spacer\" data-id=\"a657182\" data-element_type=\"widget\" data-widget_type=\"spacer.default\">\n\t\t\t\t<div class=\"elementor-widget-container\">\n\t\t\t\t\t\t\t<div class=\"elementor-spacer\">\n\t\t\t<div class=\"elementor-spacer-inner\"><\/div>\n\t\t<\/div>\n\t\t\t\t\t\t<\/div>\n\t\t\t\t<\/div>\n\t\t\t\t<div class=\"elementor-element elementor-element-940f85a elementor-widget elementor-widget-heading\" data-id=\"940f85a\" data-element_type=\"widget\" data-widget_type=\"heading.default\">\n\t\t\t\t<div class=\"elementor-widget-container\">\n\t\t\t\t\t<h1 class=\"elementor-heading-title elementor-size-default\">Distinctions<\/h1>\t\t\t\t<\/div>\n\t\t\t\t<\/div>\n\t\t\t\t<div class=\"elementor-element elementor-element-30aecf3 elementor-widget elementor-widget-spacer\" data-id=\"30aecf3\" data-element_type=\"widget\" data-widget_type=\"spacer.default\">\n\t\t\t\t<div class=\"elementor-widget-container\">\n\t\t\t\t\t\t\t<div class=\"elementor-spacer\">\n\t\t\t<div class=\"elementor-spacer-inner\"><\/div>\n\t\t<\/div>\n\t\t\t\t\t\t<\/div>\n\t\t\t\t<\/div>\n\t\t\t\t<div class=\"elementor-element elementor-element-f9bb850 animated-fast elementor-invisible elementor-widget elementor-widget-heading\" data-id=\"f9bb850\" data-element_type=\"widget\" data-settings=\"{&quot;_animation&quot;:&quot;fadeInUp&quot;,&quot;_animation_delay&quot;:200}\" data-widget_type=\"heading.default\">\n\t\t\t\t<div class=\"elementor-widget-container\">\n\t\t\t\t\t<h3 class=\"elementor-heading-title elementor-size-default\">PRIX<\/h3>\t\t\t\t<\/div>\n\t\t\t\t<\/div>\n\t\t\t\t<div class=\"elementor-element elementor-element-2ca1d87 animated-fast elementor-invisible elementor-widget elementor-widget-text-editor\" data-id=\"2ca1d87\" data-element_type=\"widget\" data-settings=\"{&quot;_animation&quot;:&quot;fadeInUp&quot;,&quot;_animation_delay&quot;:200}\" data-widget_type=\"text-editor.default\">\n\t\t\t\t<div class=\"elementor-widget-container\">\n\t\t\t\t\t\t\t\t\t<p lang=\"fr-FR\" align=\"LEFT\"><span style=\"color: #000000;\"><span style=\"font-family: Helvetica Neue Light, sans-serif;\"><span style=\"font-size: small;\"><strong>2019<\/strong> &#8211; ADC awards, Muuuz 2019 Grand Voyeux<br \/><strong>2010\u00a0<\/strong>&#8211; Prix de l\u2019Am\u00e9nagement Urbain du Moniteur 2010 Grand Pr\u00e9, Sermange<br \/><strong>2004\u00a0<\/strong>&#8211; Prix de l\u2019Am\u00e9nagement Urbain du Moniteur 2004 Place des Tilleuls, Gray<br \/><strong>2002\u00a0<\/strong>&#8211; Troph\u00e9es et Palmar\u00e8s de l\u2019Architecture et de l\u2019Am\u00e9nagement Urbain des CAUE depuis 2002, notamment pour les projets de la Fontaine de Chalezeule, la Place des Tilleuls \u00e0 Gray, le Grand Pr\u00e9 \u00e0 Sermange, le Mus\u00e9e de la Cerise \u00e0 Fougerolles&#8230;<\/span><\/span><\/span><\/p>\t\t\t\t\t\t\t\t<\/div>\n\t\t\t\t<\/div>\n\t\t\t\t<div class=\"elementor-element elementor-element-ab30f6f elementor-widget elementor-widget-spacer\" data-id=\"ab30f6f\" data-element_type=\"widget\" data-widget_type=\"spacer.default\">\n\t\t\t\t<div class=\"elementor-widget-container\">\n\t\t\t\t\t\t\t<div class=\"elementor-spacer\">\n\t\t\t<div class=\"elementor-spacer-inner\"><\/div>\n\t\t<\/div>\n\t\t\t\t\t\t<\/div>\n\t\t\t\t<\/div>\n\t\t\t\t<div class=\"elementor-element elementor-element-3871457 animated-fast elementor-invisible elementor-widget elementor-widget-heading\" data-id=\"3871457\" data-element_type=\"widget\" data-settings=\"{&quot;_animation&quot;:&quot;fadeInUp&quot;,&quot;_animation_delay&quot;:400}\" data-widget_type=\"heading.default\">\n\t\t\t\t<div class=\"elementor-widget-container\">\n\t\t\t\t\t<h3 class=\"elementor-heading-title elementor-size-default\">Expositions<\/h3>\t\t\t\t<\/div>\n\t\t\t\t<\/div>\n\t\t\t\t<div class=\"elementor-element elementor-element-724937f animated-fast elementor-invisible elementor-widget elementor-widget-text-editor\" data-id=\"724937f\" data-element_type=\"widget\" data-settings=\"{&quot;_animation&quot;:&quot;fadeInUp&quot;,&quot;_animation_delay&quot;:200}\" data-widget_type=\"text-editor.default\">\n\t\t\t\t<div class=\"elementor-widget-container\">\n\t\t\t\t\t\t\t\t\t<p><span style=\"color: #000000;\"><span style=\"font-family: Helvetica Neue Light, sans-serif;\"><span style=\"font-size: small;\"><strong>2013\u00a0<\/strong>&#8211; \u00abArchitecture Moderne et Contemporaine en Franche-Comt\u00e9\u00bb &#8211; Maison de l\u2019Architecture de Franche-Comt\u00e9<br \/><strong>2011\u00a0<\/strong>&#8211; \u00abPaysages transform\u00e9s, 15 projets qui changent le territoire\u00bb &#8211; Exposition itin\u00e9rante du r\u00e9seau des C.A.U.E\/ F.F.P.\u00a0<br \/><strong>2012\u00a0<\/strong>&#8211; \u00abJour de f\u00eate\u00bb &#8211; Th\u00e9\u00e2tre-Forum de Meyrin (CH)<br \/><strong>2011 <\/strong>&#8211; \u00a0\u00abParis, la m\u00e9tropole et ses projets\u00bb &#8211; Collection permanente du Pavillon de l\u2019Arsenal \u00e0 Paris<br \/><strong>2010<\/strong> &#8211; \u00abLa Ville Mobile\u00bb (avec Michel Corrajoud) &#8211; Biennale Internationale du Design de Saint Etienne\u00a0<\/span><\/span><\/span><\/p>\t\t\t\t\t\t\t\t<\/div>\n\t\t\t\t<\/div>\n\t\t\t\t<div class=\"elementor-element elementor-element-83450e9 animated-fast elementor-invisible elementor-widget elementor-widget-heading\" data-id=\"83450e9\" data-element_type=\"widget\" data-settings=\"{&quot;_animation&quot;:&quot;fadeInUp&quot;,&quot;_animation_delay&quot;:600}\" data-widget_type=\"heading.default\">\n\t\t\t\t<div class=\"elementor-widget-container\">\n\t\t\t\t\t<h3 class=\"elementor-heading-title elementor-size-default\">conf\u00e9rences<\/h3>\t\t\t\t<\/div>\n\t\t\t\t<\/div>\n\t\t\t\t<div class=\"elementor-element elementor-element-58396a9 animated-fast elementor-invisible elementor-widget elementor-widget-text-editor\" data-id=\"58396a9\" data-element_type=\"widget\" data-settings=\"{&quot;_animation&quot;:&quot;fadeInUp&quot;,&quot;_animation_delay&quot;:200}\" data-widget_type=\"text-editor.default\">\n\t\t\t\t<div class=\"elementor-widget-container\">\n\t\t\t\t\t\t\t\t\t<p lang=\"fr-FR\" align=\"LEFT\"><span style=\"color: #000000;\"><span style=\"font-family: Helvetica Neue Light, sans-serif;\"><span style=\"font-size: small;\"><strong>2013\u00a0<\/strong>&#8211; \u00abLe jardin et son concepteur\u00bb &#8211; Jardin Botanique de Besan\u00e7on (F)<br \/><strong>2012\u00a0<\/strong>&#8211; \u00abConstruire et vivre dans un \u00e9coquartier\u00bb &#8211; Th\u00e9\u00e2tre-Forum de Meyrin (CH)<br \/><strong>2012\u00a0<\/strong>&#8211; \u00abPetites le\u00e7ons de ville\u00bb &#8211; Pavillon de l\u2019Arsenal, Paris<br \/><strong>2012\u00a0<\/strong>&#8211; \u00abLa Bastide Niel \u00e0 Bordeaux\u00bb &#8211; Maison de l\u2019Architecture de Savoie<br \/><strong>2010\u00a0<\/strong>&#8211; \u00abLes relations entre un urbaniste et un paysagiste (avec Nicolas Michelin)\u00bb &#8211; HEPIA de Gen\u00e8ve (CH)<br \/><strong>2008<\/strong> &#8211; \u00abL\u2019approche environnementale selon Territoires\u00bb &#8211; Ajena Franche-Comt\u00e9\u00a0<\/span><\/span><\/span><\/p>\t\t\t\t\t\t\t\t<\/div>\n\t\t\t\t<\/div>\n\t\t\t\t<div class=\"elementor-element elementor-element-8278b95 animated-fast elementor-invisible elementor-widget elementor-widget-heading\" data-id=\"8278b95\" data-element_type=\"widget\" data-settings=\"{&quot;_animation&quot;:&quot;fadeInUp&quot;,&quot;_animation_delay&quot;:200}\" data-widget_type=\"heading.default\">\n\t\t\t\t<div class=\"elementor-widget-container\">\n\t\t\t\t\t<h3 class=\"elementor-heading-title elementor-size-default\">ateliers<\/h3>\t\t\t\t<\/div>\n\t\t\t\t<\/div>\n\t\t\t\t<div class=\"elementor-element elementor-element-d4d4ecc elementor-widget elementor-widget-spacer\" data-id=\"d4d4ecc\" data-element_type=\"widget\" data-widget_type=\"spacer.default\">\n\t\t\t\t<div class=\"elementor-widget-container\">\n\t\t\t\t\t\t\t<div class=\"elementor-spacer\">\n\t\t\t<div class=\"elementor-spacer-inner\"><\/div>\n\t\t<\/div>\n\t\t\t\t\t\t<\/div>\n\t\t\t\t<\/div>\n\t\t\t\t<div class=\"elementor-element elementor-element-c48bd83 animated-fast elementor-invisible elementor-widget elementor-widget-text-editor\" data-id=\"c48bd83\" data-element_type=\"widget\" data-settings=\"{&quot;_animation&quot;:&quot;fadeInUp&quot;,&quot;_animation_delay&quot;:200}\" data-widget_type=\"text-editor.default\">\n\t\t\t\t<div class=\"elementor-widget-container\">\n\t\t\t\t\t\t\t\t\t<p lang=\"fr-FR\" align=\"LEFT\"><span style=\"color: #000000;\"><span style=\"font-family: Helvetica Neue Light, sans-serif;\"><span style=\"font-size: small;\"><strong>2017-2024 <\/strong>&#8211; Intervenant \u00ab\u00a0Semaine th\u00e9matique Infrastructure\u00a0\u00bb du DSA d&rsquo;architecture urbaniste ENSAVT Marne la Vall\u00e9e, avec \u00c9ric Alonzo (2017), Cyril Pressacco (2019), Daviv Enon (2022\/2024).\u00a0 \u00a0 \u00a0 \u00a0 \u00a0 \u00a0 \u00a0 \u00a0 \u00a0 \u00a0 \u00a0 \u00a0 <\/span><\/span><\/span><span style=\"color: #000000;\"><span style=\"font-family: Helvetica Neue Light, sans-serif;\"><span style=\"font-size: small;\"><strong>2013 <\/strong>&#8211; Ecole Sup\u00e9rieur des Beaux Arts de Besan\u00e7on<br \/><strong>2012\u00a0<\/strong>&#8211; Ecole Nationale Sup\u00e9rieure d\u2019Architecture de Nancy<br \/><strong>2011\u00a0<\/strong>-Territoires Ecologiques, Minist\u00e8re de l\u2019Ecologie et du D\u00e9veloppement Durable<br \/><strong>2008-20**\u00a0<\/strong>&#8211; HEPIA de Gen\u00e8ve (CH)<br \/><strong>2008-2019<\/strong>\u00a0&#8211; Coll\u00e8ge Proudhon Besan\u00e7on<\/span><\/span><\/span><\/p><p lang=\"fr-FR\" align=\"LEFT\">\u00a0<\/p>\t\t\t\t\t\t\t\t<\/div>\n\t\t\t\t<\/div>\n\t\t\t\t<div class=\"elementor-element elementor-element-57e513f elementor-widget elementor-widget-spacer\" data-id=\"57e513f\" data-element_type=\"widget\" data-widget_type=\"spacer.default\">\n\t\t\t\t<div class=\"elementor-widget-container\">\n\t\t\t\t\t\t\t<div class=\"elementor-spacer\">\n\t\t\t<div class=\"elementor-spacer-inner\"><\/div>\n\t\t<\/div>\n\t\t\t\t\t\t<\/div>\n\t\t\t\t<\/div>\n\t\t\t\t\t<\/div>\n\t\t<\/div>\n\t\t\t\t\t<\/div>\n\t\t<\/section>\n\t\t\t\t<\/div>\n\t\t      ","protected":false},"excerpt":{"rendered":"<p>Distinctions PRIX 2019 &#8211; ADC awards, Muuuz 2019 Grand Voyeux2010\u00a0&#8211; Prix de l\u2019Am\u00e9nagement Urbain du Moniteur 2010 Grand Pr\u00e9, Sermange2004\u00a0&#8211; Prix de l\u2019Am\u00e9nagement Urbain du Moniteur 2004 Place des Tilleuls, Gray2002\u00a0&#8211; Troph\u00e9es et Palmar\u00e8s de l\u2019Architecture et de l\u2019Am\u00e9nagement Urbain [&hellip;]<\/p>\n","protected":false},"author":1,"featured_media":0,"parent":0,"menu_order":0,"comment_status":"closed","ping_status":"closed","template":"","meta":{"_monsterinsights_skip_tracking":false,"_monsterinsights_sitenote_active":false,"_monsterinsights_sitenote_note":"","_monsterinsights_sitenote_category":0,"footnotes":""},"class_list":["post-3805","page","type-page","status-publish","hentry"],"aioseo_notices":[],"_links":{"self":[{"href":"https:\/\/territoirespaysagistes.com\/index.php\/wp-json\/wp\/v2\/pages\/3805","targetHints":{"allow":["GET"]}}],"collection":[{"href":"https:\/\/territoirespaysagistes.com\/index.php\/wp-json\/wp\/v2\/pages"}],"about":[{"href":"https:\/\/territoirespaysagistes.com\/index.php\/wp-json\/wp\/v2\/types\/page"}],"author":[{"embeddable":true,"href":"https:\/\/territoirespaysagistes.com\/index.php\/wp-json\/wp\/v2\/users\/1"}],"replies":[{"embeddable":true,"href":"https:\/\/territoirespaysagistes.com\/index.php\/wp-json\/wp\/v2\/comments?post=3805"}],"version-history":[{"count":33,"href":"https:\/\/territoirespaysagistes.com\/index.php\/wp-json\/wp\/v2\/pages\/3805\/revisions"}],"predecessor-version":[{"id":7006,"href":"https:\/\/territoirespaysagistes.com\/index.php\/wp-json\/wp\/v2\/pages\/3805\/revisions\/7006"}],"wp:attachment":[{"href":"https:\/\/territoirespaysagistes.com\/index.php\/wp-json\/wp\/v2\/media?parent=3805"}],"curies":[{"name":"wp","href":"https:\/\/api.w.org\/{rel}","templated":true}]}}

<div data-elementor-type="wp-post" data-elementor-id="3805" class="elementor elementor-3805">
						<section class="elementor-section elementor-top-section elementor-element elementor-element-adb07b5 elementor-section-boxed elementor-section-height-default elementor-section-height-default" data-id="adb07b5" data-element_type="section">
						<div class="elementor-container elementor-column-gap-default">
					<div class="elementor-column elementor-col-100 elementor-top-column elementor-element elementor-element-efeebb5" data-id="efeebb5" data-element_type="column">
			<div class="elementor-widget-wrap elementor-element-populated">
						<div class="elementor-element elementor-element-a657182 elementor-widget elementor-widget-spacer" data-id="a657182" data-element_type="widget" data-widget_type="spacer.default">
				<div class="elementor-widget-container">
							<div class="elementor-spacer">
			<div class="elementor-spacer-inner"></div>
		</div>
						</div>
				</div>
				<div class="elementor-element elementor-element-940f85a elementor-widget elementor-widget-heading" data-id="940f85a" data-element_type="widget" data-widget_type="heading.default">
				<div class="elementor-widget-container">
					<h1 class="elementor-heading-title elementor-size-default">Distinctions</h1>				</div>
				</div>
				<div class="elementor-element elementor-element-30aecf3 elementor-widget elementor-widget-spacer" data-id="30aecf3" data-element_type="widget" data-widget_type="spacer.default">
				<div class="elementor-widget-container">
							<div class="elementor-spacer">
			<div class="elementor-spacer-inner"></div>
		</div>
						</div>
				</div>
				<div class="elementor-element elementor-element-f9bb850 animated-fast elementor-invisible elementor-widget elementor-widget-heading" data-id="f9bb850" data-element_type="widget" data-settings="{&quot;_animation&quot;:&quot;fadeInUp&quot;,&quot;_animation_delay&quot;:200}" data-widget_type="heading.default">
				<div class="elementor-widget-container">
					<h3 class="elementor-heading-title elementor-size-default">PRIX</h3>				</div>
				</div>
				<div class="elementor-element elementor-element-2ca1d87 animated-fast elementor-invisible elementor-widget elementor-widget-text-editor" data-id="2ca1d87" data-element_type="widget" data-settings="{&quot;_animation&quot;:&quot;fadeInUp&quot;,&quot;_animation_delay&quot;:200}" data-widget_type="text-editor.default">
				<div class="elementor-widget-container">
									<p lang="fr-FR" align="LEFT"><span style="color: #000000;"><span style="font-family: Helvetica Neue Light, sans-serif;"><span style="font-size: small;"><strong>2019</strong> &#8211; ADC awards, Muuuz 2019 Grand Voyeux<br /><strong>2010 </strong>&#8211; Prix de l’Aménagement Urbain du Moniteur 2010 Grand Pré, Sermange<br /><strong>2004 </strong>&#8211; Prix de l’Aménagement Urbain du Moniteur 2004 Place des Tilleuls, Gray<br /><strong>2002 </strong>&#8211; Trophées et Palmarès de l’Architecture et de l’Aménagement Urbain des CAUE depuis 2002, notamment pour les projets de la Fontaine de Chalezeule, la Place des Tilleuls à Gray, le Grand Pré à Sermange, le Musée de la Cerise à Fougerolles&#8230;</span></span></span></p>								</div>
				</div>
				<div class="elementor-element elementor-element-ab30f6f elementor-widget elementor-widget-spacer" data-id="ab30f6f" data-element_type="widget" data-widget_type="spacer.default">
				<div class="elementor-widget-container">
							<div class="elementor-spacer">
			<div class="elementor-spacer-inner"></div>
		</div>
						</div>
				</div>
				<div class="elementor-element elementor-element-3871457 animated-fast elementor-invisible elementor-widget elementor-widget-heading" data-id="3871457" data-element_type="widget" data-settings="{&quot;_animation&quot;:&quot;fadeInUp&quot;,&quot;_animation_delay&quot;:400}" data-widget_type="heading.default">
				<div class="elementor-widget-container">
					<h3 class="elementor-heading-title elementor-size-default">Expositions</h3>				</div>
				</div>
				<div class="elementor-element elementor-element-724937f animated-fast elementor-invisible elementor-widget elementor-widget-text-editor" data-id="724937f" data-element_type="widget" data-settings="{&quot;_animation&quot;:&quot;fadeInUp&quot;,&quot;_animation_delay&quot;:200}" data-widget_type="text-editor.default">
				<div class="elementor-widget-container">
									<p><span style="color: #000000;"><span style="font-family: Helvetica Neue Light, sans-serif;"><span style="font-size: small;"><strong>2013 </strong>&#8211; «Architecture Moderne et Contemporaine en Franche-Comté» &#8211; Maison de l’Architecture de Franche-Comté<br /><strong>2011 </strong>&#8211; «Paysages transformés, 15 projets qui changent le territoire» &#8211; Exposition itinérante du réseau des C.A.U.E/ F.F.P. <br /><strong>2012 </strong>&#8211; «Jour de fête» &#8211; Théâtre-Forum de Meyrin (CH)<br /><strong>2011 </strong>&#8211;  «Paris, la métropole et ses projets» &#8211; Collection permanente du Pavillon de l’Arsenal à Paris<br /><strong>2010</strong> &#8211; «La Ville Mobile» (avec Michel Corrajoud) &#8211; Biennale Internationale du Design de Saint Etienne </span></span></span></p>								</div>
				</div>
				<div class="elementor-element elementor-element-83450e9 animated-fast elementor-invisible elementor-widget elementor-widget-heading" data-id="83450e9" data-element_type="widget" data-settings="{&quot;_animation&quot;:&quot;fadeInUp&quot;,&quot;_animation_delay&quot;:600}" data-widget_type="heading.default">
				<div class="elementor-widget-container">
					<h3 class="elementor-heading-title elementor-size-default">conférences</h3>				</div>
				</div>
				<div class="elementor-element elementor-element-58396a9 animated-fast elementor-invisible elementor-widget elementor-widget-text-editor" data-id="58396a9" data-element_type="widget" data-settings="{&quot;_animation&quot;:&quot;fadeInUp&quot;,&quot;_animation_delay&quot;:200}" data-widget_type="text-editor.default">
				<div class="elementor-widget-container">
									<p lang="fr-FR" align="LEFT"><span style="color: #000000;"><span style="font-family: Helvetica Neue Light, sans-serif;"><span style="font-size: small;"><strong>2013 </strong>&#8211; «Le jardin et son concepteur» &#8211; Jardin Botanique de Besançon (F)<br /><strong>2012 </strong>&#8211; «Construire et vivre dans un écoquartier» &#8211; Théâtre-Forum de Meyrin (CH)<br /><strong>2012 </strong>&#8211; «Petites leçons de ville» &#8211; Pavillon de l’Arsenal, Paris<br /><strong>2012 </strong>&#8211; «La Bastide Niel à Bordeaux» &#8211; Maison de l’Architecture de Savoie<br /><strong>2010 </strong>&#8211; «Les relations entre un urbaniste et un paysagiste (avec Nicolas Michelin)» &#8211; HEPIA de Genève (CH)<br /><strong>2008</strong> &#8211; «L’approche environnementale selon Territoires» &#8211; Ajena Franche-Comté </span></span></span></p>								</div>
				</div>
				<div class="elementor-element elementor-element-8278b95 animated-fast elementor-invisible elementor-widget elementor-widget-heading" data-id="8278b95" data-element_type="widget" data-settings="{&quot;_animation&quot;:&quot;fadeInUp&quot;,&quot;_animation_delay&quot;:200}" data-widget_type="heading.default">
				<div class="elementor-widget-container">
					<h3 class="elementor-heading-title elementor-size-default">ateliers</h3>				</div>
				</div>
				<div class="elementor-element elementor-element-d4d4ecc elementor-widget elementor-widget-spacer" data-id="d4d4ecc" data-element_type="widget" data-widget_type="spacer.default">
				<div class="elementor-widget-container">
							<div class="elementor-spacer">
			<div class="elementor-spacer-inner"></div>
		</div>
						</div>
				</div>
				<div class="elementor-element elementor-element-c48bd83 animated-fast elementor-invisible elementor-widget elementor-widget-text-editor" data-id="c48bd83" data-element_type="widget" data-settings="{&quot;_animation&quot;:&quot;fadeInUp&quot;,&quot;_animation_delay&quot;:200}" data-widget_type="text-editor.default">
				<div class="elementor-widget-container">
									<p lang="fr-FR" align="LEFT"><span style="color: #000000;"><span style="font-family: Helvetica Neue Light, sans-serif;"><span style="font-size: small;"><strong>2017-2024 </strong>&#8211; Intervenant « Semaine thématique Infrastructure » du DSA d&rsquo;architecture urbaniste ENSAVT Marne la Vallée, avec Éric Alonzo (2017), Cyril Pressacco (2019), Daviv Enon (2022/2024).                        </span></span></span><span style="color: #000000;"><span style="font-family: Helvetica Neue Light, sans-serif;"><span style="font-size: small;"><strong>2013 </strong>&#8211; Ecole Supérieur des Beaux Arts de Besançon<br /><strong>2012 </strong>&#8211; Ecole Nationale Supérieure d’Architecture de Nancy<br /><strong>2011 </strong>-Territoires Ecologiques, Ministère de l’Ecologie et du Développement Durable<br /><strong>2008-20** </strong>&#8211; HEPIA de Genève (CH)<br /><strong>2008-2019</strong> &#8211; Collège Proudhon Besançon</span></span></span></p><p lang="fr-FR" align="LEFT"> </p>								</div>
				</div>
				<div class="elementor-element elementor-element-57e513f elementor-widget elementor-widget-spacer" data-id="57e513f" data-element_type="widget" data-widget_type="spacer.default">
				<div class="elementor-widget-container">
							<div class="elementor-spacer">
			<div class="elementor-spacer-inner"></div>
		</div>
						</div>
				</div>
					</div>
		</div>
					</div>
		</section>
				</div>

<p>Distinctions PRIX 2019 &#8211; ADC awards, Muuuz 2019 Grand Voyeux2010 &#8211; Prix de l’Aménagement Urbain du Moniteur 2010 Grand Pré, Sermange2004 &#8211; Prix de l’Aménagement Urbain du Moniteur 2004 Place des Tilleuls, Gray2002 &#8211; Trophées et Palmarès de l’Architecture et de l’Aménagement Urbain [&hellip;]</p>
